
2
Let q be 22 - (0 + -2) - -4. Suppose -4*l + 370 + 38 = 0. Let x = l + -32. What is the highest common divisor of x and q?
14
Let s be (1 - 2) + -1 - -1. Let l(h) = h - 14. Let n be l(11). Let m = s - n. Calculate the highest common factor of m and 16.
2
Let f = 1413 - 1286. What is the highest common divisor of f and 2159?
127
Suppose 5*t + 0*t - 10 = 0. Suppose -25 = 5*l, c = -t*c + 5*l + 202. Let x be c + 3 + (-2)/1. Calculate the highest common divisor of 24 and x.
12
Suppose 35*o + 112 = 43*o. Let s be o/8*((85 - -1) + -6). What is the highest common factor of 35 and s?
35
Let r = -20 - -38. Suppose r = c - 38. Calculate the greatest common divisor of c and 28.
28
Let p be 1/(1 + (-14)/12). Let v be p/4*(-60)/18. Suppose -i = -y + 2*i + 13, 0 = -v*y + i + 93. What is the greatest common factor of 209 and y?
19
Let z = 29 - 11. Let q be z*(4/(-5))/((-48)/40). Calculate the highest common divisor of 8 and q.
4
Let t(z) = 16*z + 238. Let d be t(25). What is the highest common factor of d and 44?
22
Suppose 1 = q + f, 5*f = -8*q + 4*q. Let n(c) = 4*c - 13. Let h be n(q). Suppose h*i - 4*i - 165 = 0. Calculate the greatest common factor of 22 and i.
11
Let b = 508 + -484. What is the highest common divisor of b and 200?
8
Suppose 3*v - 125 = 16. Suppose 887 = 15*l + v. Calculate the highest common divisor of l and 280.
56
Suppose 2*g - 16 = -2*j, -3*g + 48 = g - 4*j. Suppose 32*x - g = 31*x. What is the greatest common divisor of 4 and x?
2
Suppose -2 = -3*p - 2*h + 23, 5*h = -2*p + 2. Suppose -86 = -l - 9. What is the greatest common divisor of l and p?
11
Let z = -89 + 95. Calculate the highest common divisor of z and 102.
6
Let y(f) = 3*f + 2*f**3 + 6*f - 3*f**3 + 4 - 10*f**2 - 17. Let h be y(-11). Let a be ((-6)/(-9))/((-4)/(-54)). Calculate the greatest common divisor of h and a.
9
Suppose 10*h - 84 = 12*h. Let w = 68 + h. Let v be (-4)/(-1)*78/8. What is the highest common factor of v and w?
13
Let b be -6 - (-1683 - 1*(-6)/3). What is the greatest common divisor of 25 and b?
25
Let j = -291 - -438. Suppose -7*n + 588 = j. Calculate the greatest common factor of 9 and n.
9
Suppose 0 = -3*x + 3*a + 597, -3*x = -5*a - 286 - 319. Calculate the greatest common divisor of x and 78.
39
Let m = -98 - -137. What is the greatest common factor of 39 and m?
39
Suppose 0 = -92*j + 102*j - 1600. Calculate the greatest common factor of 60 and j.
20
Let y = 31 + -6. Suppose 3*b = 3, 3*f - 5*f + 4*b = -668. Suppose o - f = -61. What is the greatest common divisor of o and y?
25
Let y be (-2)/(-5) + (-8)/(-5). Suppose 3*i + y = 4*i. Suppose 4*b + 3*j - 43 = 0, 20*j - 14 = -b + 16*j. Calculate the highest common factor of i and b.
2
Suppose 42*l + 4888 = 50*l. What is the highest common factor of 47 and l?
47
Let b(c) = c**2 - 2*c - 3. Let i be 0 + 1 - (-2)/2. Suppose 0*f - 5 = f - 3*r, 5*r = -i*f + 34. Let v be b(f). What is the greatest common factor of v and 80?
16
Let c(j) = -j**2 + 11*j + 54. Let s be c(12). Suppose 5*m = -95 + 15. Let x = 37 + m. Calculate the greatest common factor of x and s.
21
Let a(u) = 2*u**3 - 2*u - 1. Let v be a(-1). Let d be 792/4 + v + (0 - 2). Calculate the greatest common factor of 78 and d.
39
Suppose 15*l = -104 + 1124. Calculate the greatest common factor of 272 and l.
68
Let i be (-48)/18*(-105)/10. Calculate the greatest common divisor of i and 434.
14
Let d be (-4)/12 - (0 + 294/(-18)). Suppose 20 = z - 5*z. Let v = z + d. Calculate the highest common divisor of v and 88.
11
Let l = -42 - -152. Suppose -4*o + l = o. Let g be (-5)/1 - -3 - -68. Calculate the greatest common divisor of o and g.
22
Suppose -5953*z + 18 = -5951*z. Calculate the greatest common factor of 1224 and z.
9
Let h(x) = x - 2. Let r be h(9). Let s(v) = v**3 - 5*v**2 - 8*v + 13. Let b be s(r). What is the greatest common factor of b and 11?
11
Suppose 2*n - 15*r = -20*r + 510, -r - 4 = 0. What is the greatest common factor of 318 and n?
53
Let n be 804 - (4 - 42/3). What is the highest common divisor of 37 and n?
37
Suppose 16 = -3*t + 7*t, y - 148 = -5*t. Calculate the greatest common factor of y and 224.
32
Let f(c) = 14*c**2 + 18*c - 18. Let z be f(1). Calculate the greatest common factor of 56 and z.
14
Suppose -176 = -2*z + 4*x, 13*x + 76 = z + 15*x. Calculate the greatest common factor of 287 and z.
41
Suppose -2*i - i + 39 = -4*u, -u - 4*i - 24 = 0. Let n be 1785/12 + u/16. Calculate the greatest common divisor of 37 and n.
37
Suppose 0*x = -5*x + 5. Let s be 4 + -4 + x - 3. Let o(g) = -5*g**3 + 3*g + 2. Let f be o(s). Calculate the highest common factor of 24 and f.
12
Let r(u) = u**3 - 20*u**2 + 38*u - 1. Let m be r(18). What is the highest common divisor of 56 and m?
7
Suppose -x + 4*x + 10 = -o, 3*o + 6 = -3*x. Suppose 2*l - 28 = o. Calculate the highest common factor of 165 and l.
15
Let g = 24 - -6. Suppose 2*d = b + 3*b - 10, 4*d - 4 = 2*b. Suppose -75 = 3*t - b*t. Calculate the highest common divisor of t and g.
15
Suppose -2*i - 21 = -57. Let g(v) be the second derivative of v**3/2 - 3*v. Let d be g(6). Calculate the highest common divisor of d and i.
18
Suppose 0 = 7*z - 16*z + 1368. Calculate the highest common factor of 8 and z.
8
Let a(z) = 2*z**2 + 6*z + 7. Let t be a(-7). Suppose -d - 4*d = 0. Let i be ((-1 - d)*21)/(-1). Calculate the greatest common factor of t and i.
21
Suppose 23*c - 2 = 550. What is the greatest common factor of c and 496?
8
Suppose -m - 7 = -x, 0 = -x - 0*x - 3*m - 1. Suppose -72 = -x*h - h. Calculate the greatest common factor of h and 18.
6
Let i(b) = -b**3 - 6*b**2 - b + 5. Let f be i(-6). Let w = -249 + 381. What is the greatest common factor of w and f?
11
Suppose 2*s - 64 = -6*s. Calculate the greatest common factor of 34 and s.
2
Suppose -3*f + 17 + 13 = 0. Let m be -1 + (6/2 - -2). Suppose -u - m*u = -150. Calculate the highest common factor of f and u.
10
Suppose 41 = 3*c - 2*a, 12 = c - a + 2*a. Let s(h) = 3*h - 31. Let f be s(c). What is the highest common divisor of 32 and f?
8
Let g(k) = -37*k - 894. Let a be g(-31). Let f(n) = n**2 - 2*n - 1. Let t be f(6). Calculate the greatest common factor of t and a.
23
Let w be ((-6)/(-9))/(4/150). Suppose 5*z + 4 = 19. Suppose -5*h = x - 433 - 447, 0 = h - z*x - 160. Calculate the greatest common divisor of w and h.
25
Suppose 64*g - 12*g = 7488. Calculate the greatest common factor of 256 and g.
16
Let x = 111 + 25. What is the greatest common factor of 153 and x?
17
Let t = -40 + 136. Let c be (3 + (-164)/12)/((-2)/3). Calculate the greatest common factor of t and c.
16
Let v(f) = f**3 + 9*f**2 + 8*f - 4. Let d be v(-6). Suppose -8 = -7*u + 3*u. Suppose -u - 68 = -5*l. What is the highest common factor of l and d?
14
Let g = 22 - 12. Suppose j = -1 + 18. Let a = -2 + j. Calculate the highest common divisor of a and g.
5
Let q = -77 - -77. Suppose -l + 135 - 81 = q. What is the greatest common factor of l and 18?
18
Let f be 5/(-10) + (-18)/(-4). Suppose -3*v + 10 - f = 0. Calculate the highest common factor of v and 2.
2
Suppose y = 4*u - 46, -4*y = -0*y + 2*u + 220. Let w = -3 - y. Suppose -13 - w = -2*v. Calculate the greatest common divisor of 4 and v.
4
Let o = 10 + -9. Suppose 0 = z + 1 + o. Let w be -2*11/4*z. What is the highest common factor of 77 and w?
11
Let k be (12 - 138)/((-2)/1). Let n = -9 + 18. Suppose -k = -6*a + n. What is the greatest common divisor of a and 12?
12
Suppose -6*b + 20 = r - 3*b, 5*r + 4*b = 155. Suppose -r - 97 = -11*s. Calculate the greatest common divisor of s and 276.
12
Let c = 297 + -226. What is the highest common divisor of 568 and c?
71
Suppose 0 = -x - 0 + 78. Let o = -76 + x. Calculate the greatest common factor of o and 8.
2
Let d be -2*(2 + (2 - 22/4)). Suppose 0 = -8*h + 7*h + d. Calculate the greatest common divisor of h and 2.
1
Let w = -4 - 0. Let x be (-58)/w - (-4)/8. Let p be ((-2)/(-6))/((-1)/(-30)). What is the greatest common factor of x and p?
5
Let w be -15*(2*(-1 + -8) - -1). Let s = w + -147. Calculate the highest common factor of 81 and s.
27
Let h = 865 - 395. Calculate the highest common factor of h and 20.
10
Let r be (-7)/(-14)*(5 + -1). Suppose 0*o = r*o - 126. What is the highest common divisor of 9 and o?
9
Suppose -25 = -3*f + 8*f. Let g be 1*((-40)/f + -3). Suppose 7 =